{"id":1308,"date":"2025-06-24T15:35:26","date_gmt":"2025-06-24T13:35:26","guid":{"rendered":"https:\/\/mjc-lislesurtarn.org\/?page_id=1308"},"modified":"2025-06-27T10:07:55","modified_gmt":"2025-06-27T08:07:55","slug":"activites-sportives","status":"publish","type":"page","link":"https:\/\/mjc-lislesurtarn.org\/index.php\/activites-sportives\/","title":{"rendered":"Ateliers"},"content":{"rendered":"\n<p><strong>Ateliers enfants et ados :<\/strong><\/p>\n\n\n\n<div class=\"wp-block-columns is-layout-flex wp-container-core-columns-is-layout-9d6595d7 wp-block-columns-is-layout-flex\">\n<div class=\"wp-block-column is-layout-flow wp-block-column-is-layout-flow\">\n<figure class=\"wp-block-image size-large\"><img loading=\"lazy\" decoding=\"async\" width=\"724\" height=\"1024\" src=\"https:\/\/mjc-lislesurtarn.org\/wp-content\/uploads\/2025\/06\/atelier-artistique-724x1024.png\" alt=\"\" class=\"wp-image-1398\" srcset=\"https:\/\/mjc-lislesurtarn.org\/wp-content\/uploads\/2025\/06\/atelier-artistique-724x1024.png 724w, https:\/\/mjc-lislesurtarn.org\/wp-content\/uploads\/2025\/06\/atelier-artistique-212x300.png 212w, https:\/\/mjc-lislesurtarn.org\/wp-content\/uploads\/2025\/06\/atelier-artistique-768x1086.png 768w, https:\/\/mjc-lislesurtarn.org\/wp-content\/uploads\/2025\/06\/atelier-artistique.png 992w\" sizes=\"auto, (max-width: 724px) 100vw, 724px\" \/><\/figure>\n<\/div>\n<\/div>\n\n\n\n<p><strong><mark style=\"background-color:rgba(0, 0, 0, 0);color:#045b8e\" class=\"has-inline-color\">Gabrielle vous propose la saison prochaine de travailler diff\u00e9rents th\u00e8mes sur les 7 s\u00e9ances propos\u00e9es.                                                             Inscription \u00e0 l&rsquo;ann\u00e9e au tarif de 150\u20ac + la cotisation \u00e0 la MJC. <\/mark><\/strong><\/p>\n\n\n\n<p><strong>Ateliers adultes et ados :<\/strong><\/p>\n\n\n\n<div class=\"wp-block-columns is-layout-flex wp-container-core-columns-is-layout-9d6595d7 wp-block-columns-is-layout-flex\">\n<div class=\"wp-block-column is-layout-flow wp-block-column-is-layout-flow\">\n<figure class=\"wp-block-image size-large\"><img loading=\"lazy\" decoding=\"async\" width=\"724\" height=\"1024\" src=\"https:\/\/mjc-lislesurtarn.org\/wp-content\/uploads\/2025\/06\/atelier-poterie-724x1024.png\" alt=\"\" class=\"wp-image-1400\" srcset=\"https:\/\/mjc-lislesurtarn.org\/wp-content\/uploads\/2025\/06\/atelier-poterie-724x1024.png 724w, https:\/\/mjc-lislesurtarn.org\/wp-content\/uploads\/2025\/06\/atelier-poterie-212x300.png 212w, https:\/\/mjc-lislesurtarn.org\/wp-content\/uploads\/2025\/06\/atelier-poterie-768x1086.png 768w, https:\/\/mjc-lislesurtarn.org\/wp-content\/uploads\/2025\/06\/atelier-poterie.png 992w\" sizes=\"auto, (max-width: 724px) 100vw, 724px\" \/><\/figure>\n<\/div>\n\n\n\n<div class=\"wp-block-column is-layout-flow wp-block-column-is-layout-flow\">\n<figure class=\"wp-block-image size-large\"><img loading=\"lazy\" decoding=\"async\" width=\"724\" height=\"1024\" src=\"https:\/\/mjc-lislesurtarn.org\/wp-content\/uploads\/2025\/06\/danse-afro-724x1024.png\" alt=\"\" class=\"wp-image-1401\" srcset=\"https:\/\/mjc-lislesurtarn.org\/wp-content\/uploads\/2025\/06\/danse-afro-724x1024.png 724w, https:\/\/mjc-lislesurtarn.org\/wp-content\/uploads\/2025\/06\/danse-afro-212x300.png 212w, https:\/\/mjc-lislesurtarn.org\/wp-content\/uploads\/2025\/06\/danse-afro-768x1086.png 768w, https:\/\/mjc-lislesurtarn.org\/wp-content\/uploads\/2025\/06\/danse-afro.png 992w\" sizes=\"auto, (max-width: 724px) 100vw, 724px\" \/><\/figure>\n<\/div>\n<\/div>\n\n\n\n<p><mark style=\"background-color:rgba(0, 0, 0, 0);color:#000000\" class=\"has-inline-color\"><strong>Fabienne et la poterie, cours de 3h sous forme de s\u00e9ance \u00e0 l&rsquo;unit\u00e9. Venez sur une date qui vous convient, pas besoin d&rsquo;inscription.<\/strong> <\/mark><\/p>\n\n\n\n<p><strong><mark style=\"background-color:rgba(0, 0, 0, 0);color:#ff6900\" class=\"has-inline-color\">Nouveaut\u00e9 propos\u00e9e par Alba sur de la danse afro. 30\u20ac chaque cours de 2h30. N&rsquo;h\u00e9sitez pas \u00e0 venir vous inscrire aupr\u00e8s du secr\u00e9tariat.<\/mark><\/strong><\/p>\n\n\n\n<div class=\"wp-block-columns is-layout-flex wp-container-core-columns-is-layout-9d6595d7 wp-block-columns-is-layout-flex\">\n<div class=\"wp-block-column is-layout-flow wp-block-column-is-layout-flow\">\n<figure class=\"wp-block-image size-large\"><img loading=\"lazy\" decoding=\"async\" width=\"724\" height=\"1024\" src=\"https:\/\/mjc-lislesurtarn.org\/wp-content\/uploads\/2025\/06\/photo-724x1024.png\" alt=\"\" class=\"wp-image-1402\" srcset=\"https:\/\/mjc-lislesurtarn.org\/wp-content\/uploads\/2025\/06\/photo-724x1024.png 724w, https:\/\/mjc-lislesurtarn.org\/wp-content\/uploads\/2025\/06\/photo-212x300.png 212w, https:\/\/mjc-lislesurtarn.org\/wp-content\/uploads\/2025\/06\/photo-768x1086.png 768w, https:\/\/mjc-lislesurtarn.org\/wp-content\/uploads\/2025\/06\/photo.png 992w\" sizes=\"auto, (max-width: 724px) 100vw, 724px\" \/><\/figure>\n<\/div>\n\n\n\n<div class=\"wp-block-column is-layout-flow wp-block-column-is-layout-flow\">\n<figure class=\"wp-block-image size-large\"><img loading=\"lazy\" decoding=\"async\" width=\"724\" height=\"1024\" src=\"https:\/\/mjc-lislesurtarn.org\/wp-content\/uploads\/2025\/06\/salsa-bachata-724x1024.png\" alt=\"\" class=\"wp-image-1403\" srcset=\"https:\/\/mjc-lislesurtarn.org\/wp-content\/uploads\/2025\/06\/salsa-bachata-724x1024.png 724w, https:\/\/mjc-lislesurtarn.org\/wp-content\/uploads\/2025\/06\/salsa-bachata-212x300.png 212w, https:\/\/mjc-lislesurtarn.org\/wp-content\/uploads\/2025\/06\/salsa-bachata-768x1086.png 768w, https:\/\/mjc-lislesurtarn.org\/wp-content\/uploads\/2025\/06\/salsa-bachata.png 992w\" sizes=\"auto, (max-width: 724px) 100vw, 724px\" \/><\/figure>\n<\/div>\n<\/div>\n\n\n\n<p><strong><mark style=\"background-color:rgba(0, 0, 0, 0);color:#27b8e5\" class=\"has-inline-color\">Encore une nouveaut\u00e9 aupr\u00e8s de Fran\u00e7ois qui vous fera d\u00e9couvrir l&rsquo;univers de la photographie. Inscription obligatoire pour 10 s\u00e9ances de 2h, venez nombreux et nombreuses pour pratiquer, \u00e9changer et s&rsquo;am\u00e9liorer. <\/mark><\/strong><\/p>\n\n\n\n<p><strong><mark style=\"background-color:rgba(0, 0, 0, 0);color:#00d084\" class=\"has-inline-color\">Marine, danseuse de danses latines va enflammer la MJC avec ses cours de salsa, bachata. D\u00e9butants ou confirm\u00e9s elle vous attend les samedis 25 octobre, 20 d\u00e9cembre, 21 f\u00e9vrier et 18 avril. <\/mark><\/strong><\/p>\n","protected":false},"excerpt":{"rendered":"<p>Ateliers enfants et ados : Gabrielle vous propose la saison prochaine de travailler diff\u00e9rents th\u00e8mes sur les 7 s\u00e9ances propos\u00e9es. Inscription \u00e0 l&rsquo;ann\u00e9e au tarif [&#8230;]<\/p>\n","protected":false},"author":1,"featured_media":0,"parent":0,"menu_order":0,"comment_status":"closed","ping_status":"closed","template":"","meta":{"footnotes":""},"class_list":["post-1308","page","type-page","status-publish","hentry"],"_links":{"self":[{"href":"https:\/\/mjc-lislesurtarn.org\/index.php\/wp-json\/wp\/v2\/pages\/1308","targetHints":{"allow":["GET"]}}],"collection":[{"href":"https:\/\/mjc-lislesurtarn.org\/index.php\/wp-json\/wp\/v2\/pages"}],"about":[{"href":"https:\/\/mjc-lislesurtarn.org\/index.php\/wp-json\/wp\/v2\/types\/page"}],"author":[{"embeddable":true,"href":"https:\/\/mjc-lislesurtarn.org\/index.php\/wp-json\/wp\/v2\/users\/1"}],"replies":[{"embeddable":true,"href":"https:\/\/mjc-lislesurtarn.org\/index.php\/wp-json\/wp\/v2\/comments?post=1308"}],"version-history":[{"count":7,"href":"https:\/\/mjc-lislesurtarn.org\/index.php\/wp-json\/wp\/v2\/pages\/1308\/revisions"}],"predecessor-version":[{"id":1409,"href":"https:\/\/mjc-lislesurtarn.org\/index.php\/wp-json\/wp\/v2\/pages\/1308\/revisions\/1409"}],"wp:attachment":[{"href":"https:\/\/mjc-lislesurtarn.org\/index.php\/wp-json\/wp\/v2\/media?parent=1308"}],"curies":[{"name":"wp","href":"https:\/\/api.w.org\/{rel}","templated":true}]}}

<p><strong>Ateliers enfants et ados :</strong></p>



<div class="wp-block-columns is-layout-flex wp-container-core-columns-is-layout-9d6595d7 wp-block-columns-is-layout-flex">
<div class="wp-block-column is-layout-flow wp-block-column-is-layout-flow">
<figure class="wp-block-image size-large"><img loading="lazy" decoding="async" width="724" height="1024" src="https://mjc-lislesurtarn.org/wp-content/uploads/2025/06/atelier-artistique-724x1024.png" alt="" class="wp-image-1398" srcset="https://mjc-lislesurtarn.org/wp-content/uploads/2025/06/atelier-artistique-724x1024.png 724w, https://mjc-lislesurtarn.org/wp-content/uploads/2025/06/atelier-artistique-212x300.png 212w, https://mjc-lislesurtarn.org/wp-content/uploads/2025/06/atelier-artistique-768x1086.png 768w, https://mjc-lislesurtarn.org/wp-content/uploads/2025/06/atelier-artistique.png 992w" sizes="auto, (max-width: 724px) 100vw, 724px" /></figure>
</div>
</div>



<p><strong><mark style="background-color:rgba(0, 0, 0, 0);color:#045b8e" class="has-inline-color">Gabrielle vous propose la saison prochaine de travailler différents thèmes sur les 7 séances proposées.                                                             Inscription à l&rsquo;année au tarif de 150€ + la cotisation à la MJC. </mark></strong></p>



<p><strong>Ateliers adultes et ados :</strong></p>



<div class="wp-block-columns is-layout-flex wp-container-core-columns-is-layout-9d6595d7 wp-block-columns-is-layout-flex">
<div class="wp-block-column is-layout-flow wp-block-column-is-layout-flow">
<figure class="wp-block-image size-large"><img loading="lazy" decoding="async" width="724" height="1024" src="https://mjc-lislesurtarn.org/wp-content/uploads/2025/06/atelier-poterie-724x1024.png" alt="" class="wp-image-1400" srcset="https://mjc-lislesurtarn.org/wp-content/uploads/2025/06/atelier-poterie-724x1024.png 724w, https://mjc-lislesurtarn.org/wp-content/uploads/2025/06/atelier-poterie-212x300.png 212w, https://mjc-lislesurtarn.org/wp-content/uploads/2025/06/atelier-poterie-768x1086.png 768w, https://mjc-lislesurtarn.org/wp-content/uploads/2025/06/atelier-poterie.png 992w" sizes="auto, (max-width: 724px) 100vw, 724px" /></figure>
</div>



<div class="wp-block-column is-layout-flow wp-block-column-is-layout-flow">
<figure class="wp-block-image size-large"><img loading="lazy" decoding="async" width="724" height="1024" src="https://mjc-lislesurtarn.org/wp-content/uploads/2025/06/danse-afro-724x1024.png" alt="" class="wp-image-1401" srcset="https://mjc-lislesurtarn.org/wp-content/uploads/2025/06/danse-afro-724x1024.png 724w, https://mjc-lislesurtarn.org/wp-content/uploads/2025/06/danse-afro-212x300.png 212w, https://mjc-lislesurtarn.org/wp-content/uploads/2025/06/danse-afro-768x1086.png 768w, https://mjc-lislesurtarn.org/wp-content/uploads/2025/06/danse-afro.png 992w" sizes="auto, (max-width: 724px) 100vw, 724px" /></figure>
</div>
</div>



<p><mark style="background-color:rgba(0, 0, 0, 0);color:#000000" class="has-inline-color"><strong>Fabienne et la poterie, cours de 3h sous forme de séance à l&rsquo;unité. Venez sur une date qui vous convient, pas besoin d&rsquo;inscription.</strong> </mark></p>



<p><strong><mark style="background-color:rgba(0, 0, 0, 0);color:#ff6900" class="has-inline-color">Nouveauté proposée par Alba sur de la danse afro. 30€ chaque cours de 2h30. N&rsquo;hésitez pas à venir vous inscrire auprès du secrétariat.</mark></strong></p>



<div class="wp-block-columns is-layout-flex wp-container-core-columns-is-layout-9d6595d7 wp-block-columns-is-layout-flex">
<div class="wp-block-column is-layout-flow wp-block-column-is-layout-flow">
<figure class="wp-block-image size-large"><img loading="lazy" decoding="async" width="724" height="1024" src="https://mjc-lislesurtarn.org/wp-content/uploads/2025/06/photo-724x1024.png" alt="" class="wp-image-1402" srcset="https://mjc-lislesurtarn.org/wp-content/uploads/2025/06/photo-724x1024.png 724w, https://mjc-lislesurtarn.org/wp-content/uploads/2025/06/photo-212x300.png 212w, https://mjc-lislesurtarn.org/wp-content/uploads/2025/06/photo-768x1086.png 768w, https://mjc-lislesurtarn.org/wp-content/uploads/2025/06/photo.png 992w" sizes="auto, (max-width: 724px) 100vw, 724px" /></figure>
</div>



<div class="wp-block-column is-layout-flow wp-block-column-is-layout-flow">
<figure class="wp-block-image size-large"><img loading="lazy" decoding="async" width="724" height="1024" src="https://mjc-lislesurtarn.org/wp-content/uploads/2025/06/salsa-bachata-724x1024.png" alt="" class="wp-image-1403" srcset="https://mjc-lislesurtarn.org/wp-content/uploads/2025/06/salsa-bachata-724x1024.png 724w, https://mjc-lislesurtarn.org/wp-content/uploads/2025/06/salsa-bachata-212x300.png 212w, https://mjc-lislesurtarn.org/wp-content/uploads/2025/06/salsa-bachata-768x1086.png 768w, https://mjc-lislesurtarn.org/wp-content/uploads/2025/06/salsa-bachata.png 992w" sizes="auto, (max-width: 724px) 100vw, 724px" /></figure>
</div>
</div>



<p><strong><mark style="background-color:rgba(0, 0, 0, 0);color:#27b8e5" class="has-inline-color">Encore une nouveauté auprès de François qui vous fera découvrir l&rsquo;univers de la photographie. Inscription obligatoire pour 10 séances de 2h, venez nombreux et nombreuses pour pratiquer, échanger et s&rsquo;améliorer. </mark></strong></p>



<p><strong><mark style="background-color:rgba(0, 0, 0, 0);color:#00d084" class="has-inline-color">Marine, danseuse de danses latines va enflammer la MJC avec ses cours de salsa, bachata. Débutants ou confirmés elle vous attend les samedis 25 octobre, 20 décembre, 21 février et 18 avril. </mark></strong></p>

<p>Ateliers enfants et ados : Gabrielle vous propose la saison prochaine de travailler différents thèmes sur les 7 séances proposées. Inscription à l&rsquo;année au tarif [&#8230;]</p>
